, 421
List the prime factors of 763.
7, 109
List the prime factors of 3600.
2, 3, 5
List the prime factors of 9716.
2, 7, 347
What are the prime factors of 58481?
58481
What are the prime factors of 475?
5, 19
What are the prime factors of 64854?
2, 3, 1201
List the prime factors of 37226.
2, 7, 2659
List the prime factors of 3390.
2, 3, 5, 113
What are the prime factors of 420?
2, 3, 5, 7
List the prime factors of 52936.
2, 13, 509
What are the prime factors of 21591?
3, 2399
What are the prime factors of 1395?
3, 5, 31
List the prime factors of 4508.
2, 7, 23
List the prime factors of 9870.
2, 3, 5, 7, 47
What are the prime factors of 3001?
3001
What are the prime factors of 2204?
2, 19, 29
List the prime factors of 2785.
5, 557
List the prime factors of 28312.
2, 3539
List the prime factors of 5199.
3, 1733
What are the prime factors of 42931?
7, 6133
What are the prime factors of 61649?
7, 8807
List the prime factors of 15912.
2, 3, 13, 17
What are the prime factors of 29047?
31, 937
List the prime factors of 10526.
2, 19, 277
What are the prime factors of 12598?
2, 6299
List the prime factors of 58163.
7, 1187
What are the prime factors of 29796?
2, 3, 13, 191
What are the prime factors of 14372?
2, 3593
List the prime factors of 123890.
2, 5, 13, 953
List the prime factors of 18427.
18427
What are the prime factors of 5641?
5641
List the prime factors of 1948.
2, 487
List the prime factors of 287.
7, 41
What are the prime factors of 2136?
2, 3, 89
List the prime factors of 830.
2, 5, 83
What are the prime factors of 810?
2, 3, 5
What are the prime factors of 72547?
72547
What are the prime factors of 13734?
2, 3, 7, 109
What are the prime factors of 16094?
2, 13, 619
List the prime factors of 1667.
1667
List the prime factors of 9017.
71, 127
List the prime factors of 2623.
43, 61
What are the prime factors of 381?
3, 127
What are the prime factors of 5659?
5659
List the prime factors of 5953.
5953
List the prime factors of 13949.
13, 29, 37
List the prime factors of 6147.
3, 683
List the prime factors of 11578.
2, 7, 827
List the prime factors of 10718.
2, 23, 233
What are the prime factors of 156?
2, 3, 13
List the prime factors of 5402.
2, 37, 73
List the prime factors of 2074.
2, 17, 61
What are the prime factors of 53808?
2, 3, 19, 59
List the prime factors of 1143.
3, 127
List the prime factors of 170.
2, 5, 17
What are the prime factors of 183?
3, 61
What are the prime factors of 365?
5, 73
What are the prime factors of 163688?
2, 7, 37, 79
List the prime factors of 2857.
2857
What are the prime factors of 1906?
2, 953
What are the prime factors of 842?
2, 421
What are the prime factors of 67291?
7, 9613
What are the prime factors of 3307?
3307
What are the prime factors of 3428?
2, 857
What are the prime factors of 31371?
3, 10457
List the prime factors of 589.
19, 31
What are the prime factors of 14361?
3, 4787
What are the prime factors of 718?
2, 359
What are the prime factors of 378?
2, 3, 7
List the prime factors of 37138.
2, 31, 599
List the prime factors of 881.
881
List the prime factors of 1829.
31, 59
What are the prime factors of 8562?
2, 3, 1427
What are the prime factors of 38930?
2, 5, 17, 229
What are the prime factors of 2686?
2, 17, 79
What are the prime factors of 971?
971
List the prime factors of 6621.
3, 2207
List the prime factors of 11676.
2, 3, 7, 139
What are the prime factors of 11942?
2, 7, 853
What are the prime factors of 45250?
2, 5, 181
What are the prime factors of 13173?
3, 4391
What are the prime factors of 53?
53
List the prime factors of 25.
5
What are the prime factors of 10893?
3, 3631
What are the prime factors of 1188?
2, 3, 11
What are the prime factors of 10583?
19, 557
What are the prime factors of 8228?
2, 11, 17
What are the prime factors of 2413?
19, 127
What are the prime factors of 2131?
2131
List the prime factors of 974.
2, 487
What are the prime factors of 18774?
2, 3, 7, 149
List the prime factors of 5475.
3, 5, 73
What are the prime factors of 37?
37
What are the prime factors of 21270?
2, 3, 5, 709
List the prime factors of 364.
2, 7, 13
What are the prime factors of 324?
2, 3
List the prime factors of 10530.
2, 3, 5, 13
List the prime factors of 57.
3, 19
List the prime factors of 29739.
3, 23, 431
What are the prime factors of 19597?
19597
What are the prime factors of 39767?
7, 13, 19, 23
What are the prime factors of 111?
3, 37
List the prime factors of 964.
2, 241
List the prime factors of 2775.
3, 5, 37
What are the prime factors of 44453?
44453
List the prime factors of 1360.
2, 5, 17
List the prime factors of 3273.
3, 1091
List the prime factors of 2638.
2, 1319
What are the prime factors of 102834?
2, 3, 29, 197
What are the prime factors of 1982?
2, 991
What are the prime factors of 1539?
3, 19
List the prime factors of 17060.
2, 5, 853
List the prime factors of 65329.
11, 5939
List the prime factors of 3614.
2, 13, 139
List the prime factors of 1232.
2, 7, 11
What are the prime factors of 36332?
2, 31, 293
List the prime factors of 10380.
2, 3, 5, 173
List the prime factors of 94123.
61, 1543
What are the prime factors of 1020?
2, 3, 5, 17
List the prime factors of 12081.
3, 4027
List the prime factors of 19872.
2, 3, 23
List the prime factors of 1867.
1867
What are the prime factors of 11015?
5, 2203
What are the prime factors of 2718?
2, 3, 151
List the prime factors of 55123.
199, 277
What are the prime factors of 944?
2, 59
What are the prime factors of 838?
2, 419
List the prime factors of 36112.
2, 37, 61
What are the prime factors of 4155?
3, 5, 277
What are the prime factors of 131?
131
List the prime factors of 17833.
17, 1049
What are the prime factors of 56351?
37, 1523
List the prime factors of 1835.
5, 367
What are the prime factors of 48826?
2, 24413
What are the prime factors of 6064?
2, 379
List the prime factors of 18670.
2, 5, 1867
List the prime factors of 854.
2, 7, 61
What are the prime factors of 505?
5, 101
What are the prime factors of 2045?
5, 409
List the prime factors of 1931.
1931
List the prime factors of 315.
3, 5, 7
List the prime factors of 34720.
2, 5, 7, 31
What are the prime factors of 1230?
2, 3, 5, 41
What are the prime factors of 530?
2, 5, 53
What are the prime factors of 5227?
5227
List the prime factors of 1307.
1307
What are the prime factors of 32411?
32411
What are the prime factors of 3539?
3539
What are the prime factors of 38601?
3, 4289
List the prime factors of 15647.
15647
What are the prime factors of 40173?
3, 7, 1913
What are the prime factors of 8650?
2, 5, 173
List the prime factors of 141581.
11, 61, 211
What are the prime factors of 14729?
11, 13, 103
List the prime factors of 1223.
1223
What are the prime factors of 249?
3, 83
What are the prime factors of 2510?
2, 5, 251
What are the prime factors of 3221?
3221
List the prime factors of 10163.
10163
What are the prime factors of 3794?
2, 7, 271
List the prime factors of 650.
2, 5, 13
What are the prime factors of 2344?
2, 293
List the prime factors of 3531.
3, 11, 107
What are the prime factors of 69101?
43, 1607
List the prime factors of 2226.
2, 3, 7, 53
List the prime factors of 2311.
2311
List the prime factors of 4094.
2, 23, 89
List the prime factors of 21108.
2, 3, 1759
List the prime factors of 1500.
2, 3, 5
List the prime factors of 144647.
19, 23, 331
What are the prime factors of 1910?
2, 5, 191
What are the prime factors of 1153?
1153
List the prime factors of 1303.
1303
List the prime factors of 28984.
2, 3623
List the prime factors of 12482.
2, 79
What are the prime factors of 9493?
11, 863
What are the prime factors of 218?
2, 109
What are the prime factors of 4058?
2, 2029
What are the prime factors of 1415?
5, 283
What are the prime factors of 1711?
29, 59
List the prime factors of 1080.
2, 3, 5
What are the prime factors of 1767?
3, 19, 31
List the prime factors of 418.
2, 11, 19
List the prime factors of 21118.
2, 10559
List the prime factors of 5254.
2, 37, 71
What are the prime factors of 264?
2, 3, 11
List the prime factors of 4273.
4273
What are the prime factors of 2096?
2, 131
What are the prime factors of 4510?
2, 5, 11, 41
What are the prime factors of 2087?
2087
List the prime factors of 23659.
59, 401
What are the prime fact